{"id":25,"date":"2023-05-01T03:24:09","date_gmt":"2023-05-01T03:24:09","guid":{"rendered":"https:\/\/camaradeseguridadpro.com\/?page_id=25"},"modified":"2023-05-01T04:37:00","modified_gmt":"2023-05-01T04:37:00","slug":"camaras-de-seguridad-blink","status":"publish","type":"page","link":"https:\/\/camaradeseguridadpro.com\/index.php\/camaras-de-seguridad-blink\/","title":{"rendered":"C\u00e1maras de Seguridad Blink"},"content":{"rendered":"\n<p>Explora la excelencia en seguridad con las c\u00e1maras Blink. Con su calidad superior y f\u00e1cil instalaci\u00f3n, ofrecen tranquilidad total para tu hogar o negocio. Elige las c\u00e1maras Blink y protege lo que m\u00e1s te importa.<\/p>\n\n\n\n<h2 class=\"wp-block-heading\">C\u00e1maras Blink m\u00e1s vendidas<\/h2>\n\n\n\n<div class=\"wp-block-columns is-layout-flex wp-container-3\">\n<div class=\"wp-block-column is-layout-flow\" style=\"flex-basis:170px\">\n<iframe sandbox=\"allow-popups allow-scripts allow-modals allow-forms allow-same-origin\" style=\"width:120px;height:240px;\" marginwidth=\"0\" marginheight=\"0\" scrolling=\"no\" frameborder=\"0\" src=\"\/\/ws-na.amazon-adsystem.com\/widgets\/q?ServiceVersion=20070822&#038;OneJS=1&#038;Operation=GetAdHtml&#038;MarketPlace=US&#038;source=ss&#038;ref=as_ss_li_til&#038;ad_type=product_link&#038;tracking_id=gota03-20&#038;language=es_US&#038;marketplace=amazon&#038;region=US&#038;placement=B086DL32R3&#038;asins=B086DL32R3&#038;linkId=e9367b2eaf7b42026efc78c695c1f18a&#038;show_border=true&#038;link_opens_in_new_window=true\"><\/iframe>\n<\/div>\n\n\n\n<div class=\"wp-block-column is-layout-flow\">\n<p>Blink Outdoor (3.\u00aa generaci\u00f3n) \u2013 c\u00e1mara de seguridad HD inal\u00e1mbrica, resistente a la intemperie, con dos a\u00f1os de duraci\u00f3n de la bater\u00eda y detecci\u00f3n de movimiento \u2013 sistema de 2 c\u00e1maras<\/p>\n<\/div>\n<\/div>\n\n\n\n<div class=\"wp-block-columns is-layout-flex wp-container-6\">\n<div class=\"wp-block-column is-layout-flow\" style=\"flex-basis:170px\">\n<iframe sandbox=\"allow-popups allow-scripts allow-modals allow-forms allow-same-origin\" style=\"width:120px;height:240px;\" marginwidth=\"0\" marginheight=\"0\" scrolling=\"no\" frameborder=\"0\" src=\"\/\/ws-na.amazon-adsystem.com\/widgets\/q?ServiceVersion=20070822&#038;OneJS=1&#038;Operation=GetAdHtml&#038;MarketPlace=US&#038;source=ss&#038;ref=as_ss_li_til&#038;ad_type=product_link&#038;tracking_id=gota03-20&#038;language=es_US&#038;marketplace=amazon&#038;region=US&#038;placement=B07X6C9RMF&#038;asins=B07X6C9RMF&#038;linkId=d54f6a23a79318e94029552e4f9edea7&#038;show_border=true&#038;link_opens_in_new_window=true\"><\/iframe>\n<\/div>\n\n\n\n<div class=\"wp-block-column is-layout-flow\">\n<p>Blink Mini &#8211; C\u00e1mara de seguridad inteligente compacta, conectable, para interiores, con video de alta definici\u00f3n 1080 y detecci\u00f3n de movimiento, funciona con Alexa &#8211; 1 c\u00e1mara (blanco)<\/p>\n<\/div>\n<\/div>\n\n\n\n<h2 class=\"wp-block-heading\">Ventajas de las C\u00e1maras de Seguridad Blink<\/h2>\n\n\n\n<ol>\n<li>F\u00e1cil instalaci\u00f3n: Las c\u00e1maras Blink se caracterizan por su sencilla configuraci\u00f3n, sin necesidad de cables complicados ni conocimientos t\u00e9cnicos especializados.<\/li>\n\n\n\n<li>Conectividad inal\u00e1mbrica: Las c\u00e1maras Blink utilizan tecnolog\u00eda inal\u00e1mbrica para transmitir im\u00e1genes y videos, lo que facilita su colocaci\u00f3n en diferentes ubicaciones sin restricciones de cables.<\/li>\n\n\n\n<li>Calidad de video de alta definici\u00f3n: Las c\u00e1maras Blink ofrecen una calidad de video n\u00edtida y de alta definici\u00f3n, lo que permite una visi\u00f3n clara de lo que est\u00e1 sucediendo en tu hogar o negocio.<\/li>\n\n\n\n<li>Detecci\u00f3n de movimiento: Estas c\u00e1maras est\u00e1n equipadas con sensores de movimiento que activan la grabaci\u00f3n y te alertan en tiempo real cuando se detecta actividad sospechosa.<\/li>\n\n\n\n<li>Acceso remoto: Puedes acceder a las c\u00e1maras Blink desde tu tel\u00e9fono inteligente u otro dispositivo m\u00f3vil, lo que te permite ver en tiempo real lo que est\u00e1 sucediendo y recibir notificaciones instant\u00e1neas est\u00e9s donde est\u00e9s.<\/li>\n\n\n\n<li>Integraci\u00f3n con sistemas de hogar inteligente: Las c\u00e1maras Blink se pueden integrar con otros dispositivos y sistemas de hogar inteligente, lo que te brinda opciones para personalizar y automatizar la seguridad de tu hogar o negocio.<\/li>\n<\/ol>\n","protected":false},"excerpt":{"rendered":"<p>Explora la excelencia en seguridad con las c\u00e1maras Blink. Con su calidad superior y f\u00e1cil instalaci\u00f3n, ofrecen tranquilidad total para tu hogar o negocio. Elige las c\u00e1maras Blink y protege lo que m\u00e1s te importa. C\u00e1maras Blink m\u00e1s vendidas Blink Outdoor (3.\u00aa generaci\u00f3n) \u2013 c\u00e1mara de seguridad HD inal\u00e1mbrica, resistente a la intemperie, con dos [&hellip;]<\/p>\n","protected":false},"author":1,"featured_media":0,"parent":0,"menu_order":0,"comment_status":"closed","ping_status":"closed","template":"","meta":[],"_links":{"self":[{"href":"https:\/\/camaradeseguridadpro.com\/index.php\/wp-json\/wp\/v2\/pages\/25"}],"collection":[{"href":"https:\/\/camaradeseguridadpro.com\/index.php\/wp-json\/wp\/v2\/pages"}],"about":[{"href":"https:\/\/camaradeseguridadpro.com\/index.php\/wp-json\/wp\/v2\/types\/page"}],"author":[{"embeddable":true,"href":"https:\/\/camaradeseguridadpro.com\/index.php\/wp-json\/wp\/v2\/users\/1"}],"replies":[{"embeddable":true,"href":"https:\/\/camaradeseguridadpro.com\/index.php\/wp-json\/wp\/v2\/comments?post=25"}],"version-history":[{"count":5,"href":"https:\/\/camaradeseguridadpro.com\/index.php\/wp-json\/wp\/v2\/pages\/25\/revisions"}],"predecessor-version":[{"id":62,"href":"https:\/\/camaradeseguridadpro.com\/index.php\/wp-json\/wp\/v2\/pages\/25\/revisions\/62"}],"wp:attachment":[{"href":"https:\/\/camaradeseguridadpro.com\/index.php\/wp-json\/wp\/v2\/media?parent=25"}],"curies":[{"name":"wp","href":"https:\/\/api.w.org\/{rel}","templated":true}]}}